t of 129213?
2
What is the units digit of 4007028?
8
What is the tens digit of 11756?
5
What is the units digit of 4207555?
5
What is the units digit of 135834?
4
What is the units digit of 212305?
5
What is the thousands digit of 2318?
2
What is the hundreds digit of 1022307?
3
What is the hundred thousands digit of 12876604?
8
What is the thousands digit of 209923?
9
What is the units digit of 1071190?
0
What is the units digit of 17548858?
8
What is the thousands digit of 334215?
4
What is the units digit of 619737?
7
What is the hundred thousands digit of 921614?
9
What is the thousands digit of 9841?
9
What is the units digit of 3690678?
8
What is the ten thousands digit of 6840539?
4
What is the units digit of 22522875?
5
What is the millions digit of 11963249?
1
What is the millions digit of 4071368?
4
What is the millions digit of 4708828?
4
What is the units digit of 4635731?
1
What is the millions digit of 1334173?
1
What is the hundreds digit of 116725?
7
What is the tens digit of 19894900?
0
What is the ten thousands digit of 434998?
3
What is the thousands digit of 74851?
4
What is the thousands digit of 8883141?
3
What is the ten thousands digit of 527401?
2
What is the tens digit of 11448967?
6
What is the tens digit of 1635857?
5
What is the units digit of 2985100?
0
What is the ten thousands digit of 344659?
4
What is the hundred thousands digit of 230242?
2
What is the hundreds digit of 1372095?
0
What is the millions digit of 18643608?
8
What is the thousands digit of 3441120?
1
What is the units digit of 2604997?
7
What is the hundreds digit of 4855?
8
What is the hundred thousands digit of 205896?
2
What is the ten thousands digit of 459943?
5
What is the hundreds digit of 371316?
3
What is the millions digit of 14317808?
4
What is the hundreds digit of 711128?
1
What is the thousands digit of 185539?
5
What is the hundreds digit of 483805?
8
What is the tens digit of 829685?
8
What is the ten thousands digit of 160657?
6
What is the millions digit of 10084455?
0
What is the millions digit of 1629747?
1
What is the units digit of 3123840?
0
What is the ten thousands digit of 51099?
5
What is the thousands digit of 967787?
7
What is the millions digit of 7376976?
7
What is the hundreds digit of 9158218?
2
What is the millions digit of 2330060?
2
What is the millions digit of 13945475?
3
What is the ten thousands digit of 129935?
2
What is the thousands digit of 2320059?
0
What is the hundreds digit of 2139331?
3
What is the hundred thousands digit of 340024?
3
What is the hundreds digit of 5297879?
8
What is the millions digit of 3651711?
3
What is the units digit of 1890556?
6
What is the units digit of 176572?
2
What is the hundreds digit of 30923324?
3
What is the ten thousands digit of 3452093?
5
What is the hundred thousands digit of 15156617?
1
What is the hundreds digit of 2824263?
2
What is the units digit of 1944400?
0
What is the ten thousands digit of 169734?
6
What is the hundred thousands digit of 1459262?
4
What is the millions digit of 2095537?
2
What is the millions digit of 2456587?
2
What is the hundred thousands digit of 6013380?
0
What is the hundred thousands digit of 362165?
3
What is the hundreds digit of 4484428?
4
What is the millions digit of 2650816?
2
What is the thousands digit of 18312?
8
What is the hundreds digit of 216341?
3
What is the tens digit of 4470307?
0
What is the thousands digit of 1360665?
0
What is the ten thousands digit of 64569?
6
What is the tens digit of 969886?
8
What is the thousands digit of 53583?
3
What is the ten thousands digit of 1585088?
8
What is the hundreds digit of 79403?
4
What is the tens digit of 681106?
0
What is the units digit of 914383?
3
What is the millions digit of 24208588?
4
What is the ten thousands digit of 5234959?
3
What is the hundred thousands digit of 2007868?
0
What is the units digit of 6433373?
3
What is the millions digit of 7453445?
7
What is the hundreds digit of 1645185?
1
What is the hundreds digit of 123534?
5
What is the hundreds digit of 289223?
2
What is the hundred thousands digit of 21637834?
6
What is the units digit of 217354?
4
What is the thousands digit of 20712591?
2
What is the millions digit of 6476221?
6
What is the ten millions digit of 11396798?
1
What is the thousands digit of 2246085?
6
What is the ten thousands digit of 1570630?
7
What is the tens digit of 1495821?
2
What is the hundreds digit of 23074117?
1
What is the thousands digit of 1497468?
7
What is the hundred thousands digit of 186229?
1
What is the thousands digit of 213330?
3
What is the tens digit of 11843251?
5
What is the ten thousands digit of 20435681?
3
What is the ten thousands digit of 2479003?
7
What is the tens digit of 514303?
0
What is the tens digit of 1438437?
3
What is the units digit of 41837985?
5
What is the ten thousands digit of 817241?
1
What is the ten thousands digit of 998059?
9
What is the hundred thousands digit of 1838631?
8
What is the units digit of 6091435?
5
What is the ten thousands digit of 13298900?
9
What is the ten thousands digit of 1050499?
5
What is the millions digit of 5355510?
5
What is the hundred thousands digit of 5782702?
7
What is the ten thousands digit of 108704?
0
What is the hundreds digit of 8513441?
4
What is the units digit of 2329502?
2
What is the ten thousands digit of 57104?
5
What is the tens digit of 218116?
1
What is the hundreds digit of 42516?
5
What is the millions digit of 1417105?
1
What is the tens digit of 40924?
2
What is the hundreds digit of 1094622?
6
What is the hundreds digit of 205631?
6
What is the millions digit of 6446879?
6
What is the thousands digit of 15744173?
4
What is the thousands digit of 2016012?
6
What is the millions digit of 1285627?
1
What is the ten thousands digit of 13062676?
6
What is the thousands digit of 1722392?
2
What is the units digit of 828715?
5
What is the hundreds digit of 224784?
7
What is the units digit of 8953080?
0
What is the hundreds digit of 3480071?
0
What is the units digit of 30460189?
9
What is the units digit of 45257?
7
What is the hundred thousands digit of 6852442?
8
What is the ten thousands digit of 1249766?
4
What is the thousands digit of 485944?
5
What is the ten thousands digit of 322146?
2
What is the thousands digit of 297892?
7
What is the thousands digit of 203801?
3
What is the hundreds digit of 95831?
8
What is the units digit of 1155260?
0
What is the hundred thousands digit of 254104?
2
What is the millions digit of 7845285?
7
What is the thousands digit of 3164063?
4
What is the tens digit of 9956300?
0
What is the ten thousands digit of 63640?
6
What is the hundred thousands digit of 583614?
5
What is the thousands digit of 3379806?
9
What is the hundred thousands digit of 6452244?
4
What is the millions digit of 1015418?
1
What is the hundreds digit of 73892?
8
What is the thousands digit of 2427329?
7
What is the hundred thousands digit of 1676344?
6
What is the millions digit of 19432637?
9
What is the hundreds digit of 535334?
3
What is the thousands digit of 9741855?
1
What is the tens digit of 3336591?
9
What is the ten millions digit of 12137478?
1
What is the thousands digit of 8055723?
5
What is the thousands digit of 979661?
9
What is the thousands digit of 3077482?
7
What is the units digit of 2956?
6
What is the millions digit of 1061938?
1
What is the hundreds digit of 1767269?
2
What is the tens digit of 535631?
3
What is the units digit of 15910?
0
What is the hundred thousands digit of 781670?
7
What is the hundreds digit of 299297?
2
What is the tens digit of 5314693?
9
What is the millions digit of 17679708?
7
What is the thousands digit of 165274?
5
What is the tens digit of 40490?
9
What is the hundred thousands digit of 697298?
6
What is the thousands digit of 1144414?
4
What is the tens digit of 292264?
6
What is the thousands digit of 424534?
4
What is the ten thousands digit of 12825381?
2
What is the thousands digit of 1927582?
7
What is the ten thousands digit of 116674?
1
What is the thousands digit of 1067707?
7
What is the units digit of 735368?
8
What is the hundred thousands digit of 296959?
2
What is the ten thousands digit of 1369059?
6
What is the hundreds digit of 10789587?
5
Wh